) in base 2?
111000100111010110
10100100100100010011 (base 2) to base 3
1021020122110
Convert -1ecd0 (base 15) to base 12.
-4a396
What is -377722 (base 12) in base 2?
-11011100111001001010
What is -2300234 (base 6) in base 11?
-7a782
What is 121323330332 (base 4) in base 8?
31737476
What is 312332111 (base 4) in base 3?
102102212202
Convert 12003617 (base 8) to base 10.
2623375
Convert 101001010000001111100111 (base 2) to base 13.
231849c
What is 3207c5 (base 13) in base 14?
22734d
What is 10033414 (base 5) in base 9?
132356
What is -19f73b (base 16) in base 2?
-110011111011100111011
Convert -142c0 (base 14) to base 3.
-2112112002
Convert -451201410 (base 6) to base 5.
-4043240333
320011011 (base 4) to base 10
229701
-4719d5 (base 14) to base 10
-2424903
Convert 15b5e (base 16) to base 3.
11111222120
-642777 (base 10) to base 16
-9ced9
What is 6e24e1 (base 15) in base 4?
110013110131
Convert -67853 (base 12) to base 15.
-2ac1c
What is 1187a1 (base 12) in base 9?
473254
Convert 6736c (base 13) to base 16.
2dbce
What is 27031153 (base 8) in base 4?
113003021223
What is -12163632 (base 7) in base 14?
-205a52
What is -88948 (base 10) in base 15?
-1b54d
What is 495145 (base 11) in base 3?
1110202210112
Convert -15176375 (base 10) to base 5.
-12341121000
What is 11224a (base 12) in base 14?
718a6
23330201 (base 5) to base 11
137113
11011101011010101 (base 2) to base 15
238ca
Convert -6556055 (base 10) to base 2.
-11001000000100110010111
Convert -2343424402 (base 5) to base 14.
-a1cb80
What is 10101122221 (base 3) in base 16?
10507
Convert -12b4122 (base 12) to base 5.
-1423000301
Convert 10500342 (base 7) to base 3.
1201010012120
Convert 10010110000111100 (base 2) to base 12.
38590
What is 609d4b (base 14) in base 5?
1313114010
What is cbe3 (base 16) in base 4?
30233203
What is 1979b2 (base 12) in base 4?
1231213112
Convert -1201303120 (base 4) to base 10.
-400600
Convert -462103 (base 13) to base 4.
-12111202300
Convert 443a4 (base 11) to base 10.
64365
What is -4097914 (base 10) in base 13?
-b06302
-10150641 (base 8) to base 7
-24165414
Convert 12a4807 (base 14) to base 8.
42255647
What is -bb755 (base 12) in base 14?
-6662d
2b6091 (base 12) to base 9
1341831
What is 123276 (base 10) in base 11?
8468a
-3808a0 (base 14) to base 16
-1d55cc
What is -112220122012010 (base 3) in base 9?
-15818163
Convert 154796 (base 11) to base 5.
30144112
Convert -43675 (base 8) to base 3.
-221012012
Convert 207205 (base 9) to base 2.
11110000111101000
-106044154 (base 7) to base 14
-c0a22b
What is -1452011 (base 6) in base 4?
-110223013
Convert 1110101010011111101 (base 2) to base 5.
110334014
Convert -222b8 (base 16) to base 8.
-421270
Convert -65ac3a (base 14) to base 4.
-31022000210
What is 351231 (base 8) in base 7?
1005151
What is 39534a (base 13) in base 16?
151852
Convert 10002223021 (base 4) to base 3.
1222211101211
Convert -111303112020 (base 4) to base 15.
-77d676
What is -1100010000011 (base 2) in base 12?
-376b
82e9c4 (base 15) to base 11
3572516
bb2986 (base 12) to base 5
1230020402
Convert 100111100011001100 (base 2) to base 10.
161996
What is -1111100100101111010 (base 2) in base 13?
-14b392
What is -159ee (base 16) in base 14?
-243b8
What is -887209 (base 10) in base 13?
-250a9b
Convert -41236021 (base 7) to base 14.
-65d011
What is -166992 (base 14) in base 16?
-c00f4
Convert -1610bc (base 13) to base 11.
-342525
What is 10011010101100000001 (base 2) in base 12?
266801
1ed6cd (base 15) to base 2
101110001100001000111
What is -30ac2c (base 15) in base 2?
-1000110101000101111001
Convert 1101221120202 (base 3) to base 13.
201c86
Convert -a3a92 (base 11) to base 15.
-2ee44
33ab83 (base 12) to base 3
1120001100100
287b66 (base 13) to base 7
11254423
Convert -b9070 (base 15) to base 16.
-8f65b
501047 (base 9) to base 8
1102121
What is -1630002 (base 7) in base 9?
-373533
What is -1769b (base 13) in base 4?
-23000122
Convert 13011430 (base 5) to base 8.
365651
132321343 (base 6) to base 11
15427a8
What is -231333440 (base 5) in base 2?
-11111110101000110011
-24320c (base 13) to base 5
-210120041
Convert -203003022111 (base 4) to base 12.
-30b1159
11435502 (base 7) to base 14
1c6ba9
-47523 (base 10) to base 5
-3010043
Convert 2720 (base 12) to base 14.
18c8
Convert -33252 (base 15) to base 2.
-100111101011011111
139366 (base 10) to base 12
6879a
-2131301212 (base 4) to base 16
-9dc66
Convert 342110 (base 15) to base 16.
25f53f
20200110210222 (base 3) to base 5
1402133111
-15312 (base 13) to base 12
-1b230
Convert -1a9906 (base 12) to base 8.
-1633726
-550606 (base 8) to base 2
-101101000110000110
What is 38a266 (base 11) in base 7?
5134545
Convert 222562331 (base 7) to base 6.
1201332122
2244555 (base 6) to base 11
79551
What is -1000461 (base 14) in base 16?
-72e7a5
Convert -10011111001111110110000 (base 2) to base 10.
-5218224
3623624 (base 7) to base 9
770815
Convert 143334412 (base 5) to base 15.
100b07
What is 200314302 (base 5) in base 8?
3012423
Convert 95457 (base 10) to base 7.
545205
Convert 20211021111121 (base 3) to base 2.
1101110101100010000110
-1d731 (base 14) to base 11
-517aa
Convert 1001011100010111 (base 2) to base 11.
27073
What is 11000011110011 (base 2) in base 8?
30363
Convert -93d94 (base 16) to base 4.
-2103312110
Convert 941a317 (base 11) to base 2.
111111011000110010001001
88b00 (base 13) to base 9
417070
720309 (base 10) to base 4
2233312311
-4754a (base 11) to base 14
-1ad9a
-1061241 (base 9) to base 12
-236a47
What is -11022010121200 (base 3) in base 14?
-437081
Convert ddeba8 (base 15) to base 13.
22657b2
10213334 (base 6) to base 9
503154
Convert 1040112 (base 6) to base 10.
51884
Convert -7408491 (base 10) to base 9.
-14841476
What is 62496 (base 13) in base 11?
110719
10112110010120 (base 3) to base 6
104133453
7b10a (base 12) to base 5
20224224
Convert 2425106 (base 8) to base 14.
134ac6
10ca4c (base 13) to base 12
173183
Convert -523010 (base 10) to base 15.
-a4e75
88329 (base 13) to base 8
741516
201201 (base 9) to base 6
2314514
Convert -16a496 (base 16) to base 7.
-15420213
Convert -1de01 (base 15) to base 6.
-2032031
Convert -15573ab (base 12) to base 7.
-51641651
-3267343 (base 8) to base 4
-3112323203
What is 122110220 (base 3) in base 5?
401431
Convert 332154 (base 8) to base 13.
3bb12
825766 (base 13) to base 5
1234232333
What is -5143100 (base 6) in base 3?
-110112201100
4771060 (base 8) to base 2
100111111001000110000
1964907 (base 13) to base 3
120201020020000
What is 201411 (base 12) in base 7?
4151446
Convert 23103453 (base 9) to base 12.
3912179
Convert 12111131123 (base 4) to base 2.
110010101011101011011
Convert d7a2b (base 15) to base 3.
1021202022212
Convert 6736a (base 11) to base 15.
1ddbc
-41b19 (base 12) to base 9
-141313
Convert 3021588 (base 10) to base 6.
144432500
What is ad208b (base 14) in base 6?
330033151
What is -1223092 (base 10) in base 12?
-4ab984
4ec62 (base 15) to base 16
3da7e
f2bf (base 16) to base 14
1890b
-21200110100 (base 3) to base 7
-1166631
-15430423 (base 7) to base 10
-1486432
What is -1238315 (base 10) in base 8?
-4562453
Convert -389574 (base 14) to base 15.
-286b6d
What is -1854280 (base 10) in base 13?
-4cc00c
-3212111 (base 6) to base 5
-20013131
What is 318377 (base 13) in base 15?
17dd4b
What is 3847a3 (base 11) in base 7?
5104261
1264303 (base 7) to base 10
167191
What is -36c1681 (base 13) in base 5?
-13331213413
-234140541 (base 6) to base 13
-bb0276
-51cb (base 13) to base 12
-6675
-11110000001011011110111 (base 2) to base 15
-a56d9e
-1656300 (base 7) to base 6
-4553153
-75b54 (base 14) to base 10
-284862
What is -832547 (base 12) in base 6?
-112031331
-445712 (base 8) to base 12
-730b6
What is 141304040 (base 6) in base 5?
1213321412
Convert 5646141 (base 7) to base 4.
2223012123
Convert 1037143 (base 8) to base 7.
2235555
622486 (base 10) to base 8
2277626
What is 213587 (base 12) in base 15?
a55a7
1c0880 (base 13) to base 10
715481
10211002210 (base 3) to base 14
1d56a
What is -1213100213 (base 4) in base 2?
-1100111010000100111
-73153500 (base 8) to base 7
-245634323
-1e807 (base 15) to base 10
-99682
101101101101111 (base 2) to base 3
1012002221
Convert -1528554 (base 10) to base 6.
-52432350
What is b81746 (base 12) in base 14?
558d94
200222020220211 (ba